{"id":2153,"date":"2024-04-22T20:04:45","date_gmt":"2024-04-22T18:04:45","guid":{"rendered":"https:\/\/www.hcaridadsvp.com\/centro\/col%c2%b7legi-sant-vicenc-de-paul-sarenal\/"},"modified":"2024-04-22T20:04:45","modified_gmt":"2024-04-22T18:04:45","slug":"col%c2%b7legi-sant-vicenc-de-paul-sarenal","status":"publish","type":"centro","link":"https:\/\/www.hcaridadsvp.com\/ca\/centro\/col%c2%b7legi-sant-vicenc-de-paul-sarenal\/","title":{"rendered":"Col\u00b7legi Sant Vicen\u00e7 de Pa\u00fcl  &#8211; S&#8217;Arenal"},"content":{"rendered":"","protected":false},"featured_media":1932,"template":"","categories":[],"municipio":[17],"class_list":["post-2153","centro","type-centro","status-publish","has-post-thumbnail","hentry","municipio-llucmajor"],"acf":[],"yoast_head":"<!-- This site is optimized with the Yoast SEO plugin v27.5 - https:\/\/yoast.com\/product\/yoast-seo-wordpress\/ -->\n<title>Col\u00b7legi Sant Vicen\u00e7 de Pa\u00fcl - S&#039;Arenal - Hermanas de la Caridad San Vicente de Pa\u00fal<\/title>\n<meta name=\"robots\" content=\"index, follow, max-snippet:-1, max-image-preview:large, max-video-preview:-1\" \/>\n<link rel=\"canonical\" href=\"https:\/\/www.hcaridadsvp.com\/centro\/col\u00b7legi-sant-vicenc-de-paul-sarenal\/\" \/>\n<meta property=\"og:locale\" content=\"ca_ES\" \/>\n<meta property=\"og:type\" content=\"article\" \/>\n<meta property=\"og:title\" content=\"Col\u00b7legi Sant Vicen\u00e7 de Pa\u00fcl - S&#039;Arenal - Hermanas de la Caridad San Vicente de Pa\u00fal\" \/>\n<meta property=\"og:url\" content=\"https:\/\/www.hcaridadsvp.com\/centro\/col\u00b7legi-sant-vicenc-de-paul-sarenal\/\" \/>\n<meta property=\"og:site_name\" content=\"Hermanas de la Caridad San Vicente de Pa\u00fal\" \/>\n<meta property=\"og:image\" content=\"https:\/\/www.hcaridadsvp.com\/wp-content\/uploads\/2024\/04\/collegi-svp-arenal.jpg\" \/>\n\t<meta property=\"og:image:width\" content=\"1440\" \/>\n\t<meta property=\"og:image:height\" content=\"1440\" \/>\n\t<meta property=\"og:image:type\" content=\"image\/jpeg\" \/>\n<meta name=\"twitter:card\" content=\"summary_large_image\" \/>\n<meta name=\"twitter:label1\" content=\"Temps estimat de lectura\" \/>\n\t<meta name=\"twitter:data1\" content=\"1 minut\" \/>\n<script type=\"application\/ld+json\" class=\"yoast-schema-graph\">{\"@context\":\"https:\\\/\\\/schema.org\",\"@graph\":[{\"@type\":\"WebPage\",\"@id\":\"https:\\\/\\\/www.hcaridadsvp.com\\\/centro\\\/col%c2%b7legi-sant-vicenc-de-paul-sarenal\\\/\",\"url\":\"https:\\\/\\\/www.hcaridadsvp.com\\\/centro\\\/col%c2%b7legi-sant-vicenc-de-paul-sarenal\\\/\",\"name\":\"Col\u00b7legi Sant Vicen\u00e7 de Pa\u00fcl - S'Arenal - Hermanas de la Caridad San Vicente de Pa\u00fal\",\"isPartOf\":{\"@id\":\"https:\\\/\\\/www.hcaridadsvp.com\\\/#website\"},\"primaryImageOfPage\":{\"@id\":\"https:\\\/\\\/www.hcaridadsvp.com\\\/centro\\\/col%c2%b7legi-sant-vicenc-de-paul-sarenal\\\/#primaryimage\"},\"image\":{\"@id\":\"https:\\\/\\\/www.hcaridadsvp.com\\\/centro\\\/col%c2%b7legi-sant-vicenc-de-paul-sarenal\\\/#primaryimage\"},\"thumbnailUrl\":\"https:\\\/\\\/www.hcaridadsvp.com\\\/wp-content\\\/uploads\\\/2024\\\/04\\\/collegi-svp-arenal.jpg\",\"datePublished\":\"2024-04-22T18:04:45+00:00\",\"breadcrumb\":{\"@id\":\"https:\\\/\\\/www.hcaridadsvp.com\\\/centro\\\/col%c2%b7legi-sant-vicenc-de-paul-sarenal\\\/#breadcrumb\"},\"inLanguage\":\"ca\",\"potentialAction\":[{\"@type\":\"ReadAction\",\"target\":[\"https:\\\/\\\/www.hcaridadsvp.com\\\/centro\\\/col%c2%b7legi-sant-vicenc-de-paul-sarenal\\\/\"]}]},{\"@type\":\"ImageObject\",\"inLanguage\":\"ca\",\"@id\":\"https:\\\/\\\/www.hcaridadsvp.com\\\/centro\\\/col%c2%b7legi-sant-vicenc-de-paul-sarenal\\\/#primaryimage\",\"url\":\"https:\\\/\\\/www.hcaridadsvp.com\\\/wp-content\\\/uploads\\\/2024\\\/04\\\/collegi-svp-arenal.jpg\",\"contentUrl\":\"https:\\\/\\\/www.hcaridadsvp.com\\\/wp-content\\\/uploads\\\/2024\\\/04\\\/collegi-svp-arenal.jpg\",\"width\":1440,\"height\":1440},{\"@type\":\"BreadcrumbList\",\"@id\":\"https:\\\/\\\/www.hcaridadsvp.com\\\/centro\\\/col%c2%b7legi-sant-vicenc-de-paul-sarenal\\\/#breadcrumb\",\"itemListElement\":[{\"@type\":\"ListItem\",\"position\":1,\"name\":\"Portada\",\"item\":\"https:\\\/\\\/www.hcaridadsvp.com\\\/ca\\\/\"},{\"@type\":\"ListItem\",\"position\":2,\"name\":\"Col\u00b7legi Sant Vicen\u00e7 de Pa\u00fcl &#8211; S&#8217;Arenal\"}]},{\"@type\":\"WebSite\",\"@id\":\"https:\\\/\\\/www.hcaridadsvp.com\\\/#website\",\"url\":\"https:\\\/\\\/www.hcaridadsvp.com\\\/\",\"name\":\"Hermanas de la Caridad San Vicente de Pa\u00fal\",\"description\":\"\",\"potentialAction\":[{\"@type\":\"SearchAction\",\"target\":{\"@type\":\"EntryPoint\",\"urlTemplate\":\"https:\\\/\\\/www.hcaridadsvp.com\\\/?s={search_term_string}\"},\"query-input\":{\"@type\":\"PropertyValueSpecification\",\"valueRequired\":true,\"valueName\":\"search_term_string\"}}],\"inLanguage\":\"ca\"}]}<\/script>\n<!-- \/ Yoast SEO plugin. -->","yoast_head_json":{"title":"Col\u00b7legi Sant Vicen\u00e7 de Pa\u00fcl - S'Arenal - Hermanas de la Caridad San Vicente de Pa\u00fal","robots":{"index":"index","follow":"follow","max-snippet":"max-snippet:-1","max-image-preview":"max-image-preview:large","max-video-preview":"max-video-preview:-1"},"canonical":"https:\/\/www.hcaridadsvp.com\/centro\/col\u00b7legi-sant-vicenc-de-paul-sarenal\/","og_locale":"ca_ES","og_type":"article","og_title":"Col\u00b7legi Sant Vicen\u00e7 de Pa\u00fcl - S'Arenal - Hermanas de la Caridad San Vicente de Pa\u00fal","og_url":"https:\/\/www.hcaridadsvp.com\/centro\/col\u00b7legi-sant-vicenc-de-paul-sarenal\/","og_site_name":"Hermanas de la Caridad San Vicente de Pa\u00fal","og_image":[{"width":1440,"height":1440,"url":"https:\/\/www.hcaridadsvp.com\/wp-content\/uploads\/2024\/04\/collegi-svp-arenal.jpg","type":"image\/jpeg"}],"twitter_card":"summary_large_image","twitter_misc":{"Temps estimat de lectura":"1 minut"},"schema":{"@context":"https:\/\/schema.org","@graph":[{"@type":"WebPage","@id":"https:\/\/www.hcaridadsvp.com\/centro\/col%c2%b7legi-sant-vicenc-de-paul-sarenal\/","url":"https:\/\/www.hcaridadsvp.com\/centro\/col%c2%b7legi-sant-vicenc-de-paul-sarenal\/","name":"Col\u00b7legi Sant Vicen\u00e7 de Pa\u00fcl - S'Arenal - Hermanas de la Caridad San Vicente de Pa\u00fal","isPartOf":{"@id":"https:\/\/www.hcaridadsvp.com\/#website"},"primaryImageOfPage":{"@id":"https:\/\/www.hcaridadsvp.com\/centro\/col%c2%b7legi-sant-vicenc-de-paul-sarenal\/#primaryimage"},"image":{"@id":"https:\/\/www.hcaridadsvp.com\/centro\/col%c2%b7legi-sant-vicenc-de-paul-sarenal\/#primaryimage"},"thumbnailUrl":"https:\/\/www.hcaridadsvp.com\/wp-content\/uploads\/2024\/04\/collegi-svp-arenal.jpg","datePublished":"2024-04-22T18:04:45+00:00","breadcrumb":{"@id":"https:\/\/www.hcaridadsvp.com\/centro\/col%c2%b7legi-sant-vicenc-de-paul-sarenal\/#breadcrumb"},"inLanguage":"ca","potentialAction":[{"@type":"ReadAction","target":["https:\/\/www.hcaridadsvp.com\/centro\/col%c2%b7legi-sant-vicenc-de-paul-sarenal\/"]}]},{"@type":"ImageObject","inLanguage":"ca","@id":"https:\/\/www.hcaridadsvp.com\/centro\/col%c2%b7legi-sant-vicenc-de-paul-sarenal\/#primaryimage","url":"https:\/\/www.hcaridadsvp.com\/wp-content\/uploads\/2024\/04\/collegi-svp-arenal.jpg","contentUrl":"https:\/\/www.hcaridadsvp.com\/wp-content\/uploads\/2024\/04\/collegi-svp-arenal.jpg","width":1440,"height":1440},{"@type":"BreadcrumbList","@id":"https:\/\/www.hcaridadsvp.com\/centro\/col%c2%b7legi-sant-vicenc-de-paul-sarenal\/#breadcrumb","itemListElement":[{"@type":"ListItem","position":1,"name":"Portada","item":"https:\/\/www.hcaridadsvp.com\/ca\/"},{"@type":"ListItem","position":2,"name":"Col\u00b7legi Sant Vicen\u00e7 de Pa\u00fcl &#8211; S&#8217;Arenal"}]},{"@type":"WebSite","@id":"https:\/\/www.hcaridadsvp.com\/#website","url":"https:\/\/www.hcaridadsvp.com\/","name":"Hermanas de la Caridad San Vicente de Pa\u00fal","description":"","potentialAction":[{"@type":"SearchAction","target":{"@type":"EntryPoint","urlTemplate":"https:\/\/www.hcaridadsvp.com\/?s={search_term_string}"},"query-input":{"@type":"PropertyValueSpecification","valueRequired":true,"valueName":"search_term_string"}}],"inLanguage":"ca"}]}},"_links":{"self":[{"href":"https:\/\/www.hcaridadsvp.com\/ca\/wp-json\/wp\/v2\/centro\/2153","targetHints":{"allow":["GET"]}}],"collection":[{"href":"https:\/\/www.hcaridadsvp.com\/ca\/wp-json\/wp\/v2\/centro"}],"about":[{"href":"https:\/\/www.hcaridadsvp.com\/ca\/wp-json\/wp\/v2\/types\/centro"}],"version-history":[{"count":0,"href":"https:\/\/www.hcaridadsvp.com\/ca\/wp-json\/wp\/v2\/centro\/2153\/revisions"}],"wp:featuredmedia":[{"embeddable":true,"href":"https:\/\/www.hcaridadsvp.com\/ca\/wp-json\/wp\/v2\/media\/1932"}],"wp:attachment":[{"href":"https:\/\/www.hcaridadsvp.com\/ca\/wp-json\/wp\/v2\/media?parent=2153"}],"wp:term":[{"taxonomy":"category","embeddable":true,"href":"https:\/\/www.hcaridadsvp.com\/ca\/wp-json\/wp\/v2\/categories?post=2153"},{"taxonomy":"municipio","embeddable":true,"href":"https:\/\/www.hcaridadsvp.com\/ca\/wp-json\/wp\/v2\/municipio?post=2153"}],"curies":[{"name":"wp","href":"https:\/\/api.w.org\/{rel}","templated":true}]}}

Col·legi Sant Vicenç de Paül  &#8211; S&#8217;Arenal

<!-- This site is optimized with the Yoast SEO plugin v27.5 - https://yoast.com/product/yoast-seo-wordpress/ -->
<title>Col·legi Sant Vicenç de Paül - S&#039;Arenal - Hermanas de la Caridad San Vicente de Paúl</title>
<meta name="robots" content="index, follow, max-snippet:-1, max-image-preview:large, max-video-preview:-1" />
<link rel="canonical" href="https://www.hcaridadsvp.com/centro/col·legi-sant-vicenc-de-paul-sarenal/" />
<meta property="og:locale" content="ca_ES" />
<meta property="og:type" content="article" />
<meta property="og:title" content="Col·legi Sant Vicenç de Paül - S&#039;Arenal - Hermanas de la Caridad San Vicente de Paúl" />
<meta property="og:url" content="https://www.hcaridadsvp.com/centro/col·legi-sant-vicenc-de-paul-sarenal/" />
<meta property="og:site_name" content="Hermanas de la Caridad San Vicente de Paúl" />
<meta property="og:image" content="https://www.hcaridadsvp.com/wp-content/uploads/2024/04/collegi-svp-arenal.jpg" />
	<meta property="og:image:width" content="1440" />
	<meta property="og:image:height" content="1440" />
	<meta property="og:image:type" content="image/jpeg" />
<meta name="twitter:card" content="summary_large_image" />
<meta name="twitter:label1" content="Temps estimat de lectura" />
	<meta name="twitter:data1" content="1 minut" />
<script type="application/ld+json" class="yoast-schema-graph">{"@context":"https:\/\/schema.org","@graph":[{"@type":"WebPage","@id":"https:\/\/www.hcaridadsvp.com\/centro\/col%c2%b7legi-sant-vicenc-de-paul-sarenal\/","url":"https:\/\/www.hcaridadsvp.com\/centro\/col%c2%b7legi-sant-vicenc-de-paul-sarenal\/","name":"Col·legi Sant Vicenç de Paül - S'Arenal - Hermanas de la Caridad San Vicente de Paúl","isPartOf":{"@id":"https:\/\/www.hcaridadsvp.com\/#website"},"primaryImageOfPage":{"@id":"https:\/\/www.hcaridadsvp.com\/centro\/col%c2%b7legi-sant-vicenc-de-paul-sarenal\/#primaryimage"},"image":{"@id":"https:\/\/www.hcaridadsvp.com\/centro\/col%c2%b7legi-sant-vicenc-de-paul-sarenal\/#primaryimage"},"thumbnailUrl":"https:\/\/www.hcaridadsvp.com\/wp-content\/uploads\/2024\/04\/collegi-svp-arenal.jpg","datePublished":"2024-04-22T18:04:45+00:00","breadcrumb":{"@id":"https:\/\/www.hcaridadsvp.com\/centro\/col%c2%b7legi-sant-vicenc-de-paul-sarenal\/#breadcrumb"},"inLanguage":"ca","potentialAction":[{"@type":"ReadAction","target":["https:\/\/www.hcaridadsvp.com\/centro\/col%c2%b7legi-sant-vicenc-de-paul-sarenal\/"]}]},{"@type":"ImageObject","inLanguage":"ca","@id":"https:\/\/www.hcaridadsvp.com\/centro\/col%c2%b7legi-sant-vicenc-de-paul-sarenal\/#primaryimage","url":"https:\/\/www.hcaridadsvp.com\/wp-content\/uploads\/2024\/04\/collegi-svp-arenal.jpg","contentUrl":"https:\/\/www.hcaridadsvp.com\/wp-content\/uploads\/2024\/04\/collegi-svp-arenal.jpg","width":1440,"height":1440},{"@type":"BreadcrumbList","@id":"https:\/\/www.hcaridadsvp.com\/centro\/col%c2%b7legi-sant-vicenc-de-paul-sarenal\/#breadcrumb","itemListElement":[{"@type":"ListItem","position":1,"name":"Portada","item":"https:\/\/www.hcaridadsvp.com\/ca\/"},{"@type":"ListItem","position":2,"name":"Col·legi Sant Vicenç de Paül &#8211; S&#8217;Arenal"}]},{"@type":"WebSite","@id":"https:\/\/www.hcaridadsvp.com\/#website","url":"https:\/\/www.hcaridadsvp.com\/","name":"Hermanas de la Caridad San Vicente de Paúl","description":"","potentialAction":[{"@type":"SearchAction","target":{"@type":"EntryPoint","urlTemplate":"https:\/\/www.hcaridadsvp.com\/?s={search_term_string}"},"query-input":{"@type":"PropertyValueSpecification","valueRequired":true,"valueName":"search_term_string"}}],"inLanguage":"ca"}]}</script>
<!-- / Yoast SEO plugin. -->

Col·legi Sant Vicenç de Paül - S'Arenal - Hermanas de la Caridad San Vicente de Paúl

Hermanas de la Caridad San Vicente de Paúl

Col·legi Sant Vicenç de Paül &#8211; S&#8217;Arenal
