{"id":2143,"date":"2024-04-23T09:45:55","date_gmt":"2024-04-23T07:45:55","guid":{"rendered":"https:\/\/www.hcaridadsvp.com\/centro\/centre-deducacio-infantil-sant-vicenc-de-paul\/"},"modified":"2024-04-23T09:45:55","modified_gmt":"2024-04-23T07:45:55","slug":"centre-deducacio-infantil-sant-vicenc-de-paul","status":"publish","type":"centro","link":"https:\/\/www.hcaridadsvp.com\/ca\/centro\/centre-deducacio-infantil-sant-vicenc-de-paul\/","title":{"rendered":"Centre d&#8217;Educaci\u00f3 Infantil Sant Vicen\u00e7 de Pa\u00fcl &#8211; Port de Pollen\u00e7a"},"content":{"rendered":"","protected":false},"featured_media":1936,"template":"","categories":[],"municipio":[19],"class_list":["post-2143","centro","type-centro","status-publish","has-post-thumbnail","hentry","municipio-pollenca"],"acf":[],"yoast_head":"<!-- This site is optimized with the Yoast SEO plugin v27.5 - https:\/\/yoast.com\/product\/yoast-seo-wordpress\/ -->\n<title>Centre d&#039;Educaci\u00f3 Infantil Sant Vicen\u00e7 de Pa\u00fcl - Port de Pollen\u00e7a - Hermanas de la Caridad San Vicente de Pa\u00fal<\/title>\n<meta name=\"robots\" content=\"index, follow, max-snippet:-1, max-image-preview:large, max-video-preview:-1\" \/>\n<link rel=\"canonical\" href=\"https:\/\/www.hcaridadsvp.com\/centro\/centre-deducacio-infantil-sant-vicenc-de-paul\/\" \/>\n<meta property=\"og:locale\" content=\"ca_ES\" \/>\n<meta property=\"og:type\" content=\"article\" \/>\n<meta property=\"og:title\" content=\"Centre d&#039;Educaci\u00f3 Infantil Sant Vicen\u00e7 de Pa\u00fcl - Port de Pollen\u00e7a - Hermanas de la Caridad San Vicente de Pa\u00fal\" \/>\n<meta property=\"og:url\" content=\"https:\/\/www.hcaridadsvp.com\/centro\/centre-deducacio-infantil-sant-vicenc-de-paul\/\" \/>\n<meta property=\"og:site_name\" content=\"Hermanas de la Caridad San Vicente de Pa\u00fal\" \/>\n<meta property=\"og:image\" content=\"https:\/\/www.hcaridadsvp.com\/wp-content\/uploads\/2024\/04\/sant-vicent-paul-port-pollenca.jpg\" \/>\n\t<meta property=\"og:image:width\" content=\"857\" \/>\n\t<meta property=\"og:image:height\" content=\"747\" \/>\n\t<meta property=\"og:image:type\" content=\"image\/jpeg\" \/>\n<meta name=\"twitter:card\" content=\"summary_large_image\" \/>\n<script type=\"application\/ld+json\" class=\"yoast-schema-graph\">{\"@context\":\"https:\\\/\\\/schema.org\",\"@graph\":[{\"@type\":\"WebPage\",\"@id\":\"https:\\\/\\\/www.hcaridadsvp.com\\\/centro\\\/centre-deducacio-infantil-sant-vicenc-de-paul\\\/\",\"url\":\"https:\\\/\\\/www.hcaridadsvp.com\\\/centro\\\/centre-deducacio-infantil-sant-vicenc-de-paul\\\/\",\"name\":\"Centre d'Educaci\u00f3 Infantil Sant Vicen\u00e7 de Pa\u00fcl - Port de Pollen\u00e7a - Hermanas de la Caridad San Vicente de Pa\u00fal\",\"isPartOf\":{\"@id\":\"https:\\\/\\\/www.hcaridadsvp.com\\\/#website\"},\"primaryImageOfPage\":{\"@id\":\"https:\\\/\\\/www.hcaridadsvp.com\\\/centro\\\/centre-deducacio-infantil-sant-vicenc-de-paul\\\/#primaryimage\"},\"image\":{\"@id\":\"https:\\\/\\\/www.hcaridadsvp.com\\\/centro\\\/centre-deducacio-infantil-sant-vicenc-de-paul\\\/#primaryimage\"},\"thumbnailUrl\":\"https:\\\/\\\/www.hcaridadsvp.com\\\/wp-content\\\/uploads\\\/2024\\\/04\\\/sant-vicent-paul-port-pollenca.jpg\",\"datePublished\":\"2024-04-23T07:45:55+00:00\",\"breadcrumb\":{\"@id\":\"https:\\\/\\\/www.hcaridadsvp.com\\\/centro\\\/centre-deducacio-infantil-sant-vicenc-de-paul\\\/#breadcrumb\"},\"inLanguage\":\"ca\",\"potentialAction\":[{\"@type\":\"ReadAction\",\"target\":[\"https:\\\/\\\/www.hcaridadsvp.com\\\/centro\\\/centre-deducacio-infantil-sant-vicenc-de-paul\\\/\"]}]},{\"@type\":\"ImageObject\",\"inLanguage\":\"ca\",\"@id\":\"https:\\\/\\\/www.hcaridadsvp.com\\\/centro\\\/centre-deducacio-infantil-sant-vicenc-de-paul\\\/#primaryimage\",\"url\":\"https:\\\/\\\/www.hcaridadsvp.com\\\/wp-content\\\/uploads\\\/2024\\\/04\\\/sant-vicent-paul-port-pollenca.jpg\",\"contentUrl\":\"https:\\\/\\\/www.hcaridadsvp.com\\\/wp-content\\\/uploads\\\/2024\\\/04\\\/sant-vicent-paul-port-pollenca.jpg\",\"width\":857,\"height\":747},{\"@type\":\"BreadcrumbList\",\"@id\":\"https:\\\/\\\/www.hcaridadsvp.com\\\/centro\\\/centre-deducacio-infantil-sant-vicenc-de-paul\\\/#breadcrumb\",\"itemListElement\":[{\"@type\":\"ListItem\",\"position\":1,\"name\":\"Portada\",\"item\":\"https:\\\/\\\/www.hcaridadsvp.com\\\/ca\\\/\"},{\"@type\":\"ListItem\",\"position\":2,\"name\":\"Centre d&#8217;Educaci\u00f3 Infantil Sant Vicen\u00e7 de Pa\u00fcl &#8211; Port de Pollen\u00e7a\"}]},{\"@type\":\"WebSite\",\"@id\":\"https:\\\/\\\/www.hcaridadsvp.com\\\/#website\",\"url\":\"https:\\\/\\\/www.hcaridadsvp.com\\\/\",\"name\":\"Hermanas de la Caridad San Vicente de Pa\u00fal\",\"description\":\"\",\"potentialAction\":[{\"@type\":\"SearchAction\",\"target\":{\"@type\":\"EntryPoint\",\"urlTemplate\":\"https:\\\/\\\/www.hcaridadsvp.com\\\/?s={search_term_string}\"},\"query-input\":{\"@type\":\"PropertyValueSpecification\",\"valueRequired\":true,\"valueName\":\"search_term_string\"}}],\"inLanguage\":\"ca\"}]}<\/script>\n<!-- \/ Yoast SEO plugin. -->","yoast_head_json":{"title":"Centre d'Educaci\u00f3 Infantil Sant Vicen\u00e7 de Pa\u00fcl - Port de Pollen\u00e7a - Hermanas de la Caridad San Vicente de Pa\u00fal","robots":{"index":"index","follow":"follow","max-snippet":"max-snippet:-1","max-image-preview":"max-image-preview:large","max-video-preview":"max-video-preview:-1"},"canonical":"https:\/\/www.hcaridadsvp.com\/centro\/centre-deducacio-infantil-sant-vicenc-de-paul\/","og_locale":"ca_ES","og_type":"article","og_title":"Centre d'Educaci\u00f3 Infantil Sant Vicen\u00e7 de Pa\u00fcl - Port de Pollen\u00e7a - Hermanas de la Caridad San Vicente de Pa\u00fal","og_url":"https:\/\/www.hcaridadsvp.com\/centro\/centre-deducacio-infantil-sant-vicenc-de-paul\/","og_site_name":"Hermanas de la Caridad San Vicente de Pa\u00fal","og_image":[{"width":857,"height":747,"url":"https:\/\/www.hcaridadsvp.com\/wp-content\/uploads\/2024\/04\/sant-vicent-paul-port-pollenca.jpg","type":"image\/jpeg"}],"twitter_card":"summary_large_image","schema":{"@context":"https:\/\/schema.org","@graph":[{"@type":"WebPage","@id":"https:\/\/www.hcaridadsvp.com\/centro\/centre-deducacio-infantil-sant-vicenc-de-paul\/","url":"https:\/\/www.hcaridadsvp.com\/centro\/centre-deducacio-infantil-sant-vicenc-de-paul\/","name":"Centre d'Educaci\u00f3 Infantil Sant Vicen\u00e7 de Pa\u00fcl - Port de Pollen\u00e7a - Hermanas de la Caridad San Vicente de Pa\u00fal","isPartOf":{"@id":"https:\/\/www.hcaridadsvp.com\/#website"},"primaryImageOfPage":{"@id":"https:\/\/www.hcaridadsvp.com\/centro\/centre-deducacio-infantil-sant-vicenc-de-paul\/#primaryimage"},"image":{"@id":"https:\/\/www.hcaridadsvp.com\/centro\/centre-deducacio-infantil-sant-vicenc-de-paul\/#primaryimage"},"thumbnailUrl":"https:\/\/www.hcaridadsvp.com\/wp-content\/uploads\/2024\/04\/sant-vicent-paul-port-pollenca.jpg","datePublished":"2024-04-23T07:45:55+00:00","breadcrumb":{"@id":"https:\/\/www.hcaridadsvp.com\/centro\/centre-deducacio-infantil-sant-vicenc-de-paul\/#breadcrumb"},"inLanguage":"ca","potentialAction":[{"@type":"ReadAction","target":["https:\/\/www.hcaridadsvp.com\/centro\/centre-deducacio-infantil-sant-vicenc-de-paul\/"]}]},{"@type":"ImageObject","inLanguage":"ca","@id":"https:\/\/www.hcaridadsvp.com\/centro\/centre-deducacio-infantil-sant-vicenc-de-paul\/#primaryimage","url":"https:\/\/www.hcaridadsvp.com\/wp-content\/uploads\/2024\/04\/sant-vicent-paul-port-pollenca.jpg","contentUrl":"https:\/\/www.hcaridadsvp.com\/wp-content\/uploads\/2024\/04\/sant-vicent-paul-port-pollenca.jpg","width":857,"height":747},{"@type":"BreadcrumbList","@id":"https:\/\/www.hcaridadsvp.com\/centro\/centre-deducacio-infantil-sant-vicenc-de-paul\/#breadcrumb","itemListElement":[{"@type":"ListItem","position":1,"name":"Portada","item":"https:\/\/www.hcaridadsvp.com\/ca\/"},{"@type":"ListItem","position":2,"name":"Centre d&#8217;Educaci\u00f3 Infantil Sant Vicen\u00e7 de Pa\u00fcl &#8211; Port de Pollen\u00e7a"}]},{"@type":"WebSite","@id":"https:\/\/www.hcaridadsvp.com\/#website","url":"https:\/\/www.hcaridadsvp.com\/","name":"Hermanas de la Caridad San Vicente de Pa\u00fal","description":"","potentialAction":[{"@type":"SearchAction","target":{"@type":"EntryPoint","urlTemplate":"https:\/\/www.hcaridadsvp.com\/?s={search_term_string}"},"query-input":{"@type":"PropertyValueSpecification","valueRequired":true,"valueName":"search_term_string"}}],"inLanguage":"ca"}]}},"_links":{"self":[{"href":"https:\/\/www.hcaridadsvp.com\/ca\/wp-json\/wp\/v2\/centro\/2143","targetHints":{"allow":["GET"]}}],"collection":[{"href":"https:\/\/www.hcaridadsvp.com\/ca\/wp-json\/wp\/v2\/centro"}],"about":[{"href":"https:\/\/www.hcaridadsvp.com\/ca\/wp-json\/wp\/v2\/types\/centro"}],"version-history":[{"count":0,"href":"https:\/\/www.hcaridadsvp.com\/ca\/wp-json\/wp\/v2\/centro\/2143\/revisions"}],"wp:featuredmedia":[{"embeddable":true,"href":"https:\/\/www.hcaridadsvp.com\/ca\/wp-json\/wp\/v2\/media\/1936"}],"wp:attachment":[{"href":"https:\/\/www.hcaridadsvp.com\/ca\/wp-json\/wp\/v2\/media?parent=2143"}],"wp:term":[{"taxonomy":"category","embeddable":true,"href":"https:\/\/www.hcaridadsvp.com\/ca\/wp-json\/wp\/v2\/categories?post=2143"},{"taxonomy":"municipio","embeddable":true,"href":"https:\/\/www.hcaridadsvp.com\/ca\/wp-json\/wp\/v2\/municipio?post=2143"}],"curies":[{"name":"wp","href":"https:\/\/api.w.org\/{rel}","templated":true}]}}

Centre d&#8217;Educació Infantil Sant Vicenç de Paül &#8211; Port de Pollença

<!-- This site is optimized with the Yoast SEO plugin v27.5 - https://yoast.com/product/yoast-seo-wordpress/ -->
<title>Centre d&#039;Educació Infantil Sant Vicenç de Paül - Port de Pollença - Hermanas de la Caridad San Vicente de Paúl</title>
<meta name="robots" content="index, follow, max-snippet:-1, max-image-preview:large, max-video-preview:-1" />
<link rel="canonical" href="https://www.hcaridadsvp.com/centro/centre-deducacio-infantil-sant-vicenc-de-paul/" />
<meta property="og:locale" content="ca_ES" />
<meta property="og:type" content="article" />
<meta property="og:title" content="Centre d&#039;Educació Infantil Sant Vicenç de Paül - Port de Pollença - Hermanas de la Caridad San Vicente de Paúl" />
<meta property="og:url" content="https://www.hcaridadsvp.com/centro/centre-deducacio-infantil-sant-vicenc-de-paul/" />
<meta property="og:site_name" content="Hermanas de la Caridad San Vicente de Paúl" />
<meta property="og:image" content="https://www.hcaridadsvp.com/wp-content/uploads/2024/04/sant-vicent-paul-port-pollenca.jpg" />
	<meta property="og:image:width" content="857" />
	<meta property="og:image:height" content="747" />
	<meta property="og:image:type" content="image/jpeg" />
<meta name="twitter:card" content="summary_large_image" />
<script type="application/ld+json" class="yoast-schema-graph">{"@context":"https:\/\/schema.org","@graph":[{"@type":"WebPage","@id":"https:\/\/www.hcaridadsvp.com\/centro\/centre-deducacio-infantil-sant-vicenc-de-paul\/","url":"https:\/\/www.hcaridadsvp.com\/centro\/centre-deducacio-infantil-sant-vicenc-de-paul\/","name":"Centre d'Educació Infantil Sant Vicenç de Paül - Port de Pollença - Hermanas de la Caridad San Vicente de Paúl","isPartOf":{"@id":"https:\/\/www.hcaridadsvp.com\/#website"},"primaryImageOfPage":{"@id":"https:\/\/www.hcaridadsvp.com\/centro\/centre-deducacio-infantil-sant-vicenc-de-paul\/#primaryimage"},"image":{"@id":"https:\/\/www.hcaridadsvp.com\/centro\/centre-deducacio-infantil-sant-vicenc-de-paul\/#primaryimage"},"thumbnailUrl":"https:\/\/www.hcaridadsvp.com\/wp-content\/uploads\/2024\/04\/sant-vicent-paul-port-pollenca.jpg","datePublished":"2024-04-23T07:45:55+00:00","breadcrumb":{"@id":"https:\/\/www.hcaridadsvp.com\/centro\/centre-deducacio-infantil-sant-vicenc-de-paul\/#breadcrumb"},"inLanguage":"ca","potentialAction":[{"@type":"ReadAction","target":["https:\/\/www.hcaridadsvp.com\/centro\/centre-deducacio-infantil-sant-vicenc-de-paul\/"]}]},{"@type":"ImageObject","inLanguage":"ca","@id":"https:\/\/www.hcaridadsvp.com\/centro\/centre-deducacio-infantil-sant-vicenc-de-paul\/#primaryimage","url":"https:\/\/www.hcaridadsvp.com\/wp-content\/uploads\/2024\/04\/sant-vicent-paul-port-pollenca.jpg","contentUrl":"https:\/\/www.hcaridadsvp.com\/wp-content\/uploads\/2024\/04\/sant-vicent-paul-port-pollenca.jpg","width":857,"height":747},{"@type":"BreadcrumbList","@id":"https:\/\/www.hcaridadsvp.com\/centro\/centre-deducacio-infantil-sant-vicenc-de-paul\/#breadcrumb","itemListElement":[{"@type":"ListItem","position":1,"name":"Portada","item":"https:\/\/www.hcaridadsvp.com\/ca\/"},{"@type":"ListItem","position":2,"name":"Centre d&#8217;Educació Infantil Sant Vicenç de Paül &#8211; Port de Pollença"}]},{"@type":"WebSite","@id":"https:\/\/www.hcaridadsvp.com\/#website","url":"https:\/\/www.hcaridadsvp.com\/","name":"Hermanas de la Caridad San Vicente de Paúl","description":"","potentialAction":[{"@type":"SearchAction","target":{"@type":"EntryPoint","urlTemplate":"https:\/\/www.hcaridadsvp.com\/?s={search_term_string}"},"query-input":{"@type":"PropertyValueSpecification","valueRequired":true,"valueName":"search_term_string"}}],"inLanguage":"ca"}]}</script>
<!-- / Yoast SEO plugin. -->

Centre d'Educació Infantil Sant Vicenç de Paül - Port de Pollença - Hermanas de la Caridad San Vicente de Paúl

Hermanas de la Caridad San Vicente de Paúl
